{"id":232,"date":"2014-01-15T11:02:41","date_gmt":"2014-01-15T13:02:41","guid":{"rendered":"http:\/\/www.adeom.org.uy\/sitio\/?page_id=232"},"modified":"2024-03-19T16:11:31","modified_gmt":"2024-03-19T19:11:31","slug":"prensa-radio-y-propaganda","status":"publish","type":"page","link":"https:\/\/www.adeom.org.uy\/sitio\/prensa-radio-y-propaganda\/","title":{"rendered":"Prensa, Radio y Propaganda"},"content":{"rendered":"<h6>Tiene como fin desarrollar diferentes pol\u00edticas y acciones de comunicaci\u00f3n como el peri\u00f3dico el municipal, la pagina web, y la audici\u00f3n sindical. Hoy el desaf\u00edo pasa por consolidar un proyecto de una radio para la ADEOM y el movimiento sindical, la compra de una maquina ofset para imprimir el municipal y materiales y el armado de una isla de edici\u00f3n de audio y video con el fin de desarrollar diferentes videos documentales y de formaci\u00f3n y desarrollo de campa\u00f1as en defensas de los trabajadores<\/h6>\n","protected":false},"excerpt":{"rendered":"<p>Tiene como fin desarrollar diferentes pol\u00edticas y acciones de comunicaci\u00f3n como el peri\u00f3dico el municipal, la pagina web, y la audici\u00f3n sindical. Hoy el desaf\u00edo pasa por consolidar un proyecto de una radio para la ADEOM y el movimiento sindical, la compra de una maquina ofset para imprimir el municipal [&hellip;]<\/p>\n","protected":false},"author":1,"featured_media":0,"parent":0,"menu_order":0,"comment_status":"closed","ping_status":"open","template":"","meta":{"_acf_changed":false,"_monsterinsights_skip_tracking":false,"_monsterinsights_sitenote_active":false,"_monsterinsights_sitenote_note":"","_monsterinsights_sitenote_category":0,"footnotes":""},"class_list":["post-232","page","type-page","status-publish","hentry"],"acf":[],"_links":{"self":[{"href":"https:\/\/www.adeom.org.uy\/sitio\/wp-json\/wp\/v2\/pages\/232","targetHints":{"allow":["GET"]}}],"collection":[{"href":"https:\/\/www.adeom.org.uy\/sitio\/wp-json\/wp\/v2\/pages"}],"about":[{"href":"https:\/\/www.adeom.org.uy\/sitio\/wp-json\/wp\/v2\/types\/page"}],"author":[{"embeddable":true,"href":"https:\/\/www.adeom.org.uy\/sitio\/wp-json\/wp\/v2\/users\/1"}],"replies":[{"embeddable":true,"href":"https:\/\/www.adeom.org.uy\/sitio\/wp-json\/wp\/v2\/comments?post=232"}],"version-history":[{"count":3,"href":"https:\/\/www.adeom.org.uy\/sitio\/wp-json\/wp\/v2\/pages\/232\/revisions"}],"predecessor-version":[{"id":9645,"href":"https:\/\/www.adeom.org.uy\/sitio\/wp-json\/wp\/v2\/pages\/232\/revisions\/9645"}],"wp:attachment":[{"href":"https:\/\/www.adeom.org.uy\/sitio\/wp-json\/wp\/v2\/media?parent=232"}],"curies":[{"name":"wp","href":"https:\/\/api.w.org\/{rel}","templated":true}]}}

<h6>Tiene como fin desarrollar diferentes políticas y acciones de comunicación como el periódico el municipal, la pagina web, y la audición sindical. Hoy el desafío pasa por consolidar un proyecto de una radio para la ADEOM y el movimiento sindical, la compra de una maquina ofset para imprimir el municipal y materiales y el armado de una isla de edición de audio y video con el fin de desarrollar diferentes videos documentales y de formación y desarrollo de campañas en defensas de los trabajadores</h6>

<p>Tiene como fin desarrollar diferentes políticas y acciones de comunicación como el periódico el municipal, la pagina web, y la audición sindical. Hoy el desafío pasa por consolidar un proyecto de una radio para la ADEOM y el movimiento sindical, la compra de una maquina ofset para imprimir el municipal [&hellip;]</p>
