{"id":230,"date":"2014-01-15T11:01:24","date_gmt":"2014-01-15T13:01:24","guid":{"rendered":"http:\/\/www.adeom.org.uy\/sitio\/?page_id=230"},"modified":"2024-08-20T12:16:27","modified_gmt":"2024-08-20T15:16:27","slug":"deportes","status":"publish","type":"page","link":"https:\/\/www.adeom.org.uy\/sitio\/deportes\/","title":{"rendered":"Deportes"},"content":{"rendered":"<h6>La secretaria de deportes de ADEOM busca incentivar el compa\u00f1erismo por medio del deporte, ya que entendemos al trabajador como un ser social, cultural y educativo. El sindicato tiene la obligaci\u00f3n de generar actividades en todos estos aspectos de la vida del trabajador, por lo cual la secretar\u00eda apoya a los compa\u00f1eros atletas, desarrolla campeonatos deportivos en diferentes temas de inter\u00e9s de los camaradas y busca incentivar el deporte como una forma de vida.<\/h6>\n\n\n<div class=\"wp-block-columns is-layout-flex wp-container-core-columns-is-layout-28f84493 wp-block-columns-is-layout-flex\">\n<div class=\"wp-block-column is-layout-flow wp-block-column-is-layout-flow\">\n<figure class=\"wp-block-image size-large\"><a href=\"https:\/\/www.adeom.org.uy\/sitio\/deportes\/volleyball-mixto\/\"><img fetchpriority=\"high\" decoding=\"async\" width=\"1024\" height=\"1024\" src=\"https:\/\/www.adeom.org.uy\/sitio\/wp-content\/uploads\/2024\/05\/Campeonato-de-Voleyball-Mixto-1-1024x1024.jpg\" alt=\"\" class=\"wp-image-10273\" srcset=\"https:\/\/www.adeom.org.uy\/sitio\/wp-content\/uploads\/2024\/05\/Campeonato-de-Voleyball-Mixto-1-1024x1024.jpg 1024w, https:\/\/www.adeom.org.uy\/sitio\/wp-content\/uploads\/2024\/05\/Campeonato-de-Voleyball-Mixto-1-300x300.jpg 300w, https:\/\/www.adeom.org.uy\/sitio\/wp-content\/uploads\/2024\/05\/Campeonato-de-Voleyball-Mixto-1-150x150.jpg 150w, https:\/\/www.adeom.org.uy\/sitio\/wp-content\/uploads\/2024\/05\/Campeonato-de-Voleyball-Mixto-1-768x768.jpg 768w, https:\/\/www.adeom.org.uy\/sitio\/wp-content\/uploads\/2024\/05\/Campeonato-de-Voleyball-Mixto-1.jpg 1080w\" sizes=\"(max-width: 1024px) 100vw, 1024px\" \/><\/a><figcaption class=\"wp-element-caption\"><strong>CAMPEONATO DE<br>VOLLEYBALL MIXTO 2024<\/strong><br><em>CLICKE\u00c1 EN LA FOTO PARA VER LA INFORMACI\u00d3N DEL TORNEO<\/em><\/figcaption><\/figure>\n<\/div>\n\n\n\n<div class=\"wp-block-column is-layout-flow wp-block-column-is-layout-flow\">\n<figure class=\"wp-block-image size-large is-resized\"><a href=\"https:\/\/www.adeom.org.uy\/sitio\/campeonato-de-futbol-5-masculino-y-femenino\/\"><img decoding=\"async\" width=\"1024\" height=\"1024\" src=\"http:\/\/www.adeom.org.uy\/sitio\/wp-content\/uploads\/2024\/08\/Campeonato-de-Futbol-5-Masculino-y-Femenino-1024x1024.jpg\" alt=\"\" class=\"wp-image-10577\" style=\"width:274px;height:auto\" srcset=\"https:\/\/www.adeom.org.uy\/sitio\/wp-content\/uploads\/2024\/08\/Campeonato-de-Futbol-5-Masculino-y-Femenino-1024x1024.jpg 1024w, https:\/\/www.adeom.org.uy\/sitio\/wp-content\/uploads\/2024\/08\/Campeonato-de-Futbol-5-Masculino-y-Femenino-300x300.jpg 300w, https:\/\/www.adeom.org.uy\/sitio\/wp-content\/uploads\/2024\/08\/Campeonato-de-Futbol-5-Masculino-y-Femenino-150x150.jpg 150w, https:\/\/www.adeom.org.uy\/sitio\/wp-content\/uploads\/2024\/08\/Campeonato-de-Futbol-5-Masculino-y-Femenino-768x768.jpg 768w, https:\/\/www.adeom.org.uy\/sitio\/wp-content\/uploads\/2024\/08\/Campeonato-de-Futbol-5-Masculino-y-Femenino-1536x1536.jpg 1536w, https:\/\/www.adeom.org.uy\/sitio\/wp-content\/uploads\/2024\/08\/Campeonato-de-Futbol-5-Masculino-y-Femenino.jpg 1600w\" sizes=\"(max-width: 1024px) 100vw, 1024px\" \/><\/a><figcaption class=\"wp-element-caption\"><strong>CAMPEONATO DE<br>F\u00daTBOL 5 2024<\/strong><br><em>CLICKE\u00c1 EN LA FOTO PARA VER LA INFORMACI\u00d3N DEL TORNEO<\/em><\/figcaption><\/figure>\n<\/div>\n\n\n\n<div class=\"wp-block-column is-layout-flow wp-block-column-is-layout-flow\">\n<figure class=\"wp-block-image size-full\"><a href=\"https:\/\/www.adeom.org.uy\/sitio\/deportes\/atletas\/\"><img decoding=\"async\" width=\"800\" height=\"800\" src=\"https:\/\/www.adeom.org.uy\/sitio\/wp-content\/uploads\/2024\/08\/Atletas-de-ADEOM.jpeg\" alt=\"\" class=\"wp-image-10624\" srcset=\"https:\/\/www.adeom.org.uy\/sitio\/wp-content\/uploads\/2024\/08\/Atletas-de-ADEOM.jpeg 800w, https:\/\/www.adeom.org.uy\/sitio\/wp-content\/uploads\/2024\/08\/Atletas-de-ADEOM-300x300.jpeg 300w, https:\/\/www.adeom.org.uy\/sitio\/wp-content\/uploads\/2024\/08\/Atletas-de-ADEOM-150x150.jpeg 150w, https:\/\/www.adeom.org.uy\/sitio\/wp-content\/uploads\/2024\/08\/Atletas-de-ADEOM-768x768.jpeg 768w\" sizes=\"(max-width: 800px) 100vw, 800px\" \/><\/a><figcaption class=\"wp-element-caption\"><strong>TODA LA INFORMACI\u00d3N Y FOTOS DE LAS CARRERAS DE NUESTROS ATLETAS<\/strong><br><em>CLICKE\u00c1 EN LA FOTO PARA VER<br>TODA LA INFORMACI\u00d3N<\/em><\/figcaption><\/figure>\n<\/div>\n<\/div>\n","protected":false},"excerpt":{"rendered":"<p>La secretaria de deportes de ADEOM busca incentivar el compa\u00f1erismo por medio del deporte, ya que entendemos al trabajador como un ser social, cultural y educativo. El sindicato tiene la obligaci\u00f3n de generar actividades en todos estos aspectos de la vida del trabajador, por lo cual la secretar\u00eda apoya a [&hellip;]<\/p>\n","protected":false},"author":1,"featured_media":0,"parent":0,"menu_order":0,"comment_status":"closed","ping_status":"open","template":"","meta":{"_acf_changed":false,"_monsterinsights_skip_tracking":false,"_monsterinsights_sitenote_active":false,"_monsterinsights_sitenote_note":"","_monsterinsights_sitenote_category":0,"footnotes":""},"class_list":["post-230","page","type-page","status-publish","hentry"],"acf":[],"_links":{"self":[{"href":"https:\/\/www.adeom.org.uy\/sitio\/wp-json\/wp\/v2\/pages\/230","targetHints":{"allow":["GET"]}}],"collection":[{"href":"https:\/\/www.adeom.org.uy\/sitio\/wp-json\/wp\/v2\/pages"}],"about":[{"href":"https:\/\/www.adeom.org.uy\/sitio\/wp-json\/wp\/v2\/types\/page"}],"author":[{"embeddable":true,"href":"https:\/\/www.adeom.org.uy\/sitio\/wp-json\/wp\/v2\/users\/1"}],"replies":[{"embeddable":true,"href":"https:\/\/www.adeom.org.uy\/sitio\/wp-json\/wp\/v2\/comments?post=230"}],"version-history":[{"count":10,"href":"https:\/\/www.adeom.org.uy\/sitio\/wp-json\/wp\/v2\/pages\/230\/revisions"}],"predecessor-version":[{"id":10626,"href":"https:\/\/www.adeom.org.uy\/sitio\/wp-json\/wp\/v2\/pages\/230\/revisions\/10626"}],"wp:attachment":[{"href":"https:\/\/www.adeom.org.uy\/sitio\/wp-json\/wp\/v2\/media?parent=230"}],"curies":[{"name":"wp","href":"https:\/\/api.w.org\/{rel}","templated":true}]}}

<h6>La secretaria de deportes de ADEOM busca incentivar el compañerismo por medio del deporte, ya que entendemos al trabajador como un ser social, cultural y educativo. El sindicato tiene la obligación de generar actividades en todos estos aspectos de la vida del trabajador, por lo cual la secretaría apoya a los compañeros atletas, desarrolla campeonatos deportivos en diferentes temas de interés de los camaradas y busca incentivar el deporte como una forma de vida.</h6>


<div class="wp-block-columns is-layout-flex wp-container-core-columns-is-layout-28f84493 wp-block-columns-is-layout-flex">
<div class="wp-block-column is-layout-flow wp-block-column-is-layout-flow">
<figure class="wp-block-image size-large"><a href="https://www.adeom.org.uy/sitio/deportes/volleyball-mixto/"><img fetchpriority="high" decoding="async" width="1024" height="1024" src="https://www.adeom.org.uy/sitio/wp-content/uploads/2024/05/Campeonato-de-Voleyball-Mixto-1-1024x1024.jpg" alt="" class="wp-image-10273" srcset="https://www.adeom.org.uy/sitio/wp-content/uploads/2024/05/Campeonato-de-Voleyball-Mixto-1-1024x1024.jpg 1024w, https://www.adeom.org.uy/sitio/wp-content/uploads/2024/05/Campeonato-de-Voleyball-Mixto-1-300x300.jpg 300w, https://www.adeom.org.uy/sitio/wp-content/uploads/2024/05/Campeonato-de-Voleyball-Mixto-1-150x150.jpg 150w, https://www.adeom.org.uy/sitio/wp-content/uploads/2024/05/Campeonato-de-Voleyball-Mixto-1-768x768.jpg 768w, https://www.adeom.org.uy/sitio/wp-content/uploads/2024/05/Campeonato-de-Voleyball-Mixto-1.jpg 1080w" sizes="(max-width: 1024px) 100vw, 1024px" /></a><figcaption class="wp-element-caption"><strong>CAMPEONATO DE<br>VOLLEYBALL MIXTO 2024</strong><br><em>CLICKEÁ EN LA FOTO PARA VER LA INFORMACIÓN DEL TORNEO</em></figcaption></figure>
</div>



<div class="wp-block-column is-layout-flow wp-block-column-is-layout-flow">
<figure class="wp-block-image size-large is-resized"><a href="https://www.adeom.org.uy/sitio/campeonato-de-futbol-5-masculino-y-femenino/"><img decoding="async" width="1024" height="1024" src="http://www.adeom.org.uy/sitio/wp-content/uploads/2024/08/Campeonato-de-Futbol-5-Masculino-y-Femenino-1024x1024.jpg" alt="" class="wp-image-10577" style="width:274px;height:auto" srcset="https://www.adeom.org.uy/sitio/wp-content/uploads/2024/08/Campeonato-de-Futbol-5-Masculino-y-Femenino-1024x1024.jpg 1024w, https://www.adeom.org.uy/sitio/wp-content/uploads/2024/08/Campeonato-de-Futbol-5-Masculino-y-Femenino-300x300.jpg 300w, https://www.adeom.org.uy/sitio/wp-content/uploads/2024/08/Campeonato-de-Futbol-5-Masculino-y-Femenino-150x150.jpg 150w, https://www.adeom.org.uy/sitio/wp-content/uploads/2024/08/Campeonato-de-Futbol-5-Masculino-y-Femenino-768x768.jpg 768w, https://www.adeom.org.uy/sitio/wp-content/uploads/2024/08/Campeonato-de-Futbol-5-Masculino-y-Femenino-1536x1536.jpg 1536w, https://www.adeom.org.uy/sitio/wp-content/uploads/2024/08/Campeonato-de-Futbol-5-Masculino-y-Femenino.jpg 1600w" sizes="(max-width: 1024px) 100vw, 1024px" /></a><figcaption class="wp-element-caption"><strong>CAMPEONATO DE<br>FÚTBOL 5 2024</strong><br><em>CLICKEÁ EN LA FOTO PARA VER LA INFORMACIÓN DEL TORNEO</em></figcaption></figure>
</div>



<div class="wp-block-column is-layout-flow wp-block-column-is-layout-flow">
<figure class="wp-block-image size-full"><a href="https://www.adeom.org.uy/sitio/deportes/atletas/"><img decoding="async" width="800" height="800" src="https://www.adeom.org.uy/sitio/wp-content/uploads/2024/08/Atletas-de-ADEOM.jpeg" alt="" class="wp-image-10624" srcset="https://www.adeom.org.uy/sitio/wp-content/uploads/2024/08/Atletas-de-ADEOM.jpeg 800w, https://www.adeom.org.uy/sitio/wp-content/uploads/2024/08/Atletas-de-ADEOM-300x300.jpeg 300w, https://www.adeom.org.uy/sitio/wp-content/uploads/2024/08/Atletas-de-ADEOM-150x150.jpeg 150w, https://www.adeom.org.uy/sitio/wp-content/uploads/2024/08/Atletas-de-ADEOM-768x768.jpeg 768w" sizes="(max-width: 800px) 100vw, 800px" /></a><figcaption class="wp-element-caption"><strong>TODA LA INFORMACIÓN Y FOTOS DE LAS CARRERAS DE NUESTROS ATLETAS</strong><br><em>CLICKEÁ EN LA FOTO PARA VER<br>TODA LA INFORMACIÓN</em></figcaption></figure>
</div>
</div>

<p>La secretaria de deportes de ADEOM busca incentivar el compañerismo por medio del deporte, ya que entendemos al trabajador como un ser social, cultural y educativo. El sindicato tiene la obligación de generar actividades en todos estos aspectos de la vida del trabajador, por lo cual la secretaría apoya a [&hellip;]</p>
