{"id":9635,"date":"2023-11-07T15:50:07","date_gmt":"2023-11-07T18:50:07","guid":{"rendered":"https:\/\/www.adeom.org.uy\/sitio\/?page_id=9635"},"modified":"2023-11-07T15:50:08","modified_gmt":"2023-11-07T18:50:08","slug":"seguridad-laboral","status":"publish","type":"page","link":"http:\/\/www.adeom.org.uy\/sitio\/seguridad-laboral\/","title":{"rendered":"Seguridad laboral"},"content":{"rendered":"\n<h2 class=\"wp-block-heading\"><strong>Normas legales de seguridad y salud ocupacional<\/strong><\/h2>\n\n\n\n<h3 class=\"wp-block-heading\"><strong>Generales<\/strong><\/h3>\n\n\n\n<h6 class=\"wp-block-heading\"><strong>Ley 5.032 \u2013 Prevenci\u00f3n de accidentes en el trabajo<br><\/strong>&#x25aa; <a href=\"https:\/\/www.mtss.gub.uy\/documents\/11515\/6793a620-3f8c-4001-8b75-d3ca65e53aba\">https:\/\/www.mtss.gub.uy\/documents\/11515\/6793a620-3f8c-4001-8b75-d3ca65e53aba<\/a><\/h6>\n\n\n\n<h6 class=\"wp-block-heading\"><strong>Ley 16.074 &#8211; Regulaci\u00f3n de los seguros sobre accidentes de trabajo y enfermedades profesionales.<br><\/strong>&#x25aa; <a rel=\"noreferrer noopener\" href=\"https:\/\/www.impo.com.uy\/bases\/leyes\/16074-1989\" target=\"_blank\">https:\/\/www.impo.com.uy\/bases\/leyes\/16074-1989<\/a><\/h6>\n\n\n\n<h6 class=\"wp-block-heading\"><strong>Ley 17.215 \u2013 Trabajadora en estado de gravidez o en periodo de lactancia.<br><\/strong>&#x25aa; <a rel=\"noreferrer noopener\" href=\"https:\/\/www.impo.com.uy\/bases\/leyes\/17215-1999\" target=\"_blank\">https:\/\/www.impo.com.uy\/bases\/leyes\/17215-1999<\/a><\/h6>\n\n\n\n<h6 class=\"wp-block-heading\"><strong>Ley 18.360 &#8211; Desfibrilador DEA<br><\/strong>&#x25aa; <a rel=\"noreferrer noopener\" href=\"https:\/\/www.impo.com.uy\/bases\/leyes\/18360-2008\" target=\"_blank\">https:\/\/www.impo.com.uy\/bases\/leyes\/18360-2008<\/a><\/h6>\n\n\n\n<h6 class=\"wp-block-heading\"><strong>Decreto N\u00b0 406\/988 &#8211; Reglamento de Seguridad e higiene ocupacional. Seguridad laboral.<br><\/strong>&#x25aa; <a rel=\"noreferrer noopener\" href=\"https:\/\/www.impo.com.uy\/bases\/decretos\/406-1988\" target=\"_blank\">https:\/\/www.impo.com.uy\/bases\/decretos\/406-1988<\/a><\/h6>\n\n\n\n<h6 class=\"wp-block-heading\"><strong>Decreto 291\/07 \u2013 Comisi\u00f3n de Seguridad y Salud en el trabajo<br><\/strong>&#x25aa; <a rel=\"noreferrer noopener\" href=\"http:\/\/www.impo.com.uy\/bases\/decretos\/291-2007\" target=\"_blank\">http:\/\/www.impo.com.uy\/bases\/decretos\/291-2007<\/a><\/h6>\n\n\n\n<h6 class=\"wp-block-heading\"><strong>Res. 4770\/15<br><\/strong>&#x25aa; <a rel=\"noreferrer noopener\" href=\"http:\/\/www.montevideo.gub.uy\/asl\/asl\/sistemas\/gestar\/resoluci.nsf\/WEB\/Intendente\/4770-15\" target=\"_blank\">http:\/\/www.montevideo.gub.uy\/asl\/asl\/sistemas\/gestar\/resoluci.nsf\/WEB\/Intendente\/4770-15<\/a><\/h6>\n\n\n\n<h6 class=\"wp-block-heading\"><strong>Decreto 244\/16- Modificaci\u00f3n del decreto 291\/007 (Reglamentaci\u00f3n del convenio internacional del trabajo N\u00b0 155 sobre prevenci\u00f3n y protecci\u00f3n contra riesgos derivados de cualquier actividad)<br><\/strong>&#x25aa; <a rel=\"noreferrer noopener\" href=\"https:\/\/www.impo.com.uy\/bases\/decretos\/244-2016\" target=\"_blank\">https:\/\/www.impo.com.uy\/bases\/decretos\/244-2016<\/a><\/h6>\n\n\n\n<h6 class=\"wp-block-heading\"><strong>Ley 19849 &#8211; Aprobaci\u00f3n del Convenio Internacional del Trabajo N.\u00ba 190, sobre la violencia y el acoso en el mundo del trabajo<br><\/strong>&#x25aa; <a rel=\"noreferrer noopener\" href=\"https:\/\/www.impo.com.uy\/bases\/leyes\/19849-2019\" target=\"_blank\">https:\/\/www.impo.com.uy\/bases\/leyes\/19849-2019<\/a><\/h6>\n\n\n\n<h6 class=\"wp-block-heading\"><strong>Convenio Internacional del trabajo N\u00ba 190 sobre la eliminaci\u00f3n de la violencia y el acoso en el mundo del trabajo<br><\/strong>&#x25aa; <a rel=\"noreferrer noopener\" href=\"https:\/\/www.impo.com.uy\/bases\/leyes-internacional\/19849-2019\" target=\"_blank\">https:\/\/www.impo.com.uy\/bases\/leyes-internacional\/19849-2019<\/a><\/h6>\n\n\n\n<h3 class=\"wp-block-heading\"><strong>Salud Laboral<\/strong><\/h3>\n\n\n\n<h6 class=\"wp-block-heading\"><strong>Decreto 406\/988 &#8211; Reglamento de Seguridad e higiene ocupacional. Seguridad laboral.<br><\/strong>&#x25aa; <a rel=\"noreferrer noopener\" href=\"https:\/\/www.impo.com.uy\/bases\/decretos\/406-1988\" target=\"_blank\">https:\/\/www.impo.com.uy\/bases\/decretos\/406-1988<\/a><\/h6>\n\n\n\n<h6 class=\"wp-block-heading\"><strong>Decreto 210\/011 \u2013 Lista de enfermedades profesionales<br><\/strong>&#x25aa; <a rel=\"noreferrer noopener\" href=\"https:\/\/www.impo.com.uy\/bases\/decretos\/210-2011\" target=\"_blank\">https:\/\/www.impo.com.uy\/bases\/decretos\/210-2011<\/a><\/h6>\n\n\n\n<h6 class=\"wp-block-heading\"><strong>Decreto 128\/16 &#8211; Consumo de alcohol, cannabis y otras drogas en el \u00e1mbito laboral<br><\/strong>&#x25aa; <a rel=\"noreferrer noopener\" href=\"https:\/\/www.impo.com.uy\/bases\/decretos\/128-2016\" target=\"_blank\">https:\/\/www.impo.com.uy\/bases\/decretos\/128-2016<\/a><\/h6>\n\n\n\n<h6 class=\"wp-block-heading\"><strong>Res. 2871\/19<br><\/strong>&#x25aa; <a rel=\"noreferrer noopener\" href=\"http:\/\/www.montevideo.gub.uy\/asl\/asl\/sistemas\/gestar\/resoluci.nsf\/WEB\/Intendente\/2871-19\" target=\"_blank\">http:\/\/www.montevideo.gub.uy\/asl\/asl\/sistemas\/gestar\/resoluci.nsf\/WEB\/Intendente\/2871-19<\/a><\/h6>\n\n\n\n<h6 class=\"wp-block-heading\"><strong>Decreto 127\/014 &#8211; Reglamentaci\u00f3n del convenio internacional de trabajo 161 relativo a los servicios de prevenci\u00f3n y salud en el trabajo ratificado por la ley 15.965<br><\/strong>&#x25aa; <a rel=\"noreferrer noopener\" href=\"https:\/\/www.impo.com.uy\/bases\/decretos\/127-2014\" target=\"_blank\">https:\/\/www.impo.com.uy\/bases\/decretos\/127-2014<\/a><\/h6>\n\n\n\n<h6 class=\"wp-block-heading\"><strong>Ordenanza MSP 145\/09 &#8211; Vigilancia de la salud<br><\/strong>&#x25aa; <a rel=\"noreferrer noopener\" href=\"https:\/\/www.gub.uy\/ministerio-salud-publica\/institucional\/normativa\/ordenanza-n-145009-ordenanza-14509\" target=\"_blank\">https:\/\/www.gub.uy\/ministerio-salud-publica\/institucional\/normativa\/ordenanza-n-145009-ordenanza-14509<\/a><\/h6>\n\n\n\n<h6 class=\"wp-block-heading\"><strong>Decreto 307\/09 \u2013 Reglamentaci\u00f3n para la Protecci\u00f3n de la Seguridad y Salud de los Trabajadores Contra los Riesgos Relacionados con los Agentes Qu\u00edmicos durante el Trabajo<br><\/strong>&#x25aa; <a rel=\"noreferrer noopener\" href=\"http:\/\/www.impo.com.uy\/bases\/decretos\/307-2009\" target=\"_blank\">http:\/\/www.impo.com.uy\/bases\/decretos\/307-2009<\/a><\/h6>\n","protected":false},"excerpt":{"rendered":"<p>Normas legales de seguridad y salud ocupacional Generales Ley 5.032 \u2013 Prevenci\u00f3n de accidentes en el trabajo&#x25aa; https:\/\/www.mtss.gub.uy\/documents\/11515\/6793a620-3f8c-4001-8b75-d3ca65e53aba Ley 16.074 &#8211; Regulaci\u00f3n de los seguros sobre accidentes de trabajo y enfermedades profesionales.&#x25aa; https:\/\/www.impo.com.uy\/bases\/leyes\/16074-1989 Ley 17.215 \u2013 Trabajadora en estado de gravidez o en periodo de lactancia.&#x25aa; https:\/\/www.impo.com.uy\/bases\/leyes\/17215-1999 Ley 18.360 &#8211; [&hellip;]<\/p>\n","protected":false},"author":1,"featured_media":0,"parent":0,"menu_order":0,"comment_status":"closed","ping_status":"closed","template":"","meta":{"_acf_changed":false,"_monsterinsights_skip_tracking":false,"_monsterinsights_sitenote_active":false,"_monsterinsights_sitenote_note":"","_monsterinsights_sitenote_category":0,"footnotes":""},"class_list":["post-9635","page","type-page","status-publish","hentry"],"acf":[],"_links":{"self":[{"href":"http:\/\/www.adeom.org.uy\/sitio\/wp-json\/wp\/v2\/pages\/9635","targetHints":{"allow":["GET"]}}],"collection":[{"href":"http:\/\/www.adeom.org.uy\/sitio\/wp-json\/wp\/v2\/pages"}],"about":[{"href":"http:\/\/www.adeom.org.uy\/sitio\/wp-json\/wp\/v2\/types\/page"}],"author":[{"embeddable":true,"href":"http:\/\/www.adeom.org.uy\/sitio\/wp-json\/wp\/v2\/users\/1"}],"replies":[{"embeddable":true,"href":"http:\/\/www.adeom.org.uy\/sitio\/wp-json\/wp\/v2\/comments?post=9635"}],"version-history":[{"count":1,"href":"http:\/\/www.adeom.org.uy\/sitio\/wp-json\/wp\/v2\/pages\/9635\/revisions"}],"predecessor-version":[{"id":9636,"href":"http:\/\/www.adeom.org.uy\/sitio\/wp-json\/wp\/v2\/pages\/9635\/revisions\/9636"}],"wp:attachment":[{"href":"http:\/\/www.adeom.org.uy\/sitio\/wp-json\/wp\/v2\/media?parent=9635"}],"curies":[{"name":"wp","href":"https:\/\/api.w.org\/{rel}","templated":true}]}}