{"id":8917,"date":"2022-03-18T12:07:07","date_gmt":"2022-03-18T15:07:07","guid":{"rendered":"http:\/\/www.adeom.org.uy\/sitio\/?page_id=8917"},"modified":"2026-03-16T17:46:17","modified_gmt":"2026-03-16T20:46:17","slug":"consejo-ejecutivo","status":"publish","type":"page","link":"http:\/\/www.adeom.org.uy\/sitio\/consejo-ejecutivo\/","title":{"rendered":"Consejo Ejecutivo"},"content":{"rendered":"\n<div class=\"wp-block-columns is-layout-flex wp-container-core-columns-is-layout-28f84493 wp-block-columns-is-layout-flex\">\n<div class=\"wp-block-column is-layout-flow wp-block-column-is-layout-flow\"><div class=\"wp-block-image\">\n<figure class=\"aligncenter size-full\"><a href=\"http:\/\/www.adeom.org.uy\/sitio\/wp-content\/uploads\/2025\/05\/Silvia-Tejera.png\"><img fetchpriority=\"high\" decoding=\"async\" width=\"500\" height=\"500\" src=\"http:\/\/www.adeom.org.uy\/sitio\/wp-content\/uploads\/2025\/05\/Silvia-Tejera.png\" alt=\"\" class=\"wp-image-11522\" srcset=\"http:\/\/www.adeom.org.uy\/sitio\/wp-content\/uploads\/2025\/05\/Silvia-Tejera.png 500w, http:\/\/www.adeom.org.uy\/sitio\/wp-content\/uploads\/2025\/05\/Silvia-Tejera-300x300.png 300w, http:\/\/www.adeom.org.uy\/sitio\/wp-content\/uploads\/2025\/05\/Silvia-Tejera-150x150.png 150w\" sizes=\"(max-width: 500px) 100vw, 500px\" \/><\/a><figcaption class=\"wp-element-caption\">Silvia Tejera<br>Secretaria General<\/figcaption><\/figure>\n<\/div><\/div>\n\n\n\n<div class=\"wp-block-column is-layout-flow wp-block-column-is-layout-flow\"><div class=\"wp-block-image\">\n<figure class=\"aligncenter size-full\"><a href=\"http:\/\/www.adeom.org.uy\/sitio\/wp-content\/uploads\/2022\/03\/Julio_Cameto.jpg\"><img decoding=\"async\" width=\"400\" height=\"400\" src=\"http:\/\/www.adeom.org.uy\/sitio\/wp-content\/uploads\/2022\/03\/Julio_Cameto.jpg\" alt=\"\" class=\"wp-image-8950\" srcset=\"http:\/\/www.adeom.org.uy\/sitio\/wp-content\/uploads\/2022\/03\/Julio_Cameto.jpg 400w, http:\/\/www.adeom.org.uy\/sitio\/wp-content\/uploads\/2022\/03\/Julio_Cameto-300x300.jpg 300w, http:\/\/www.adeom.org.uy\/sitio\/wp-content\/uploads\/2022\/03\/Julio_Cameto-150x150.jpg 150w\" sizes=\"(max-width: 400px) 100vw, 400px\" \/><\/a><figcaption class=\"wp-element-caption\">Julio Cameto<br>Presidente<\/figcaption><\/figure>\n<\/div><\/div>\n\n\n\n<div class=\"wp-block-column is-layout-flow wp-block-column-is-layout-flow\"><div class=\"wp-block-image\">\n<figure class=\"aligncenter size-full\"><a href=\"https:\/\/www.adeom.org.uy\/sitio\/wp-content\/uploads\/2025\/05\/Danielo-Mera.png\"><img decoding=\"async\" width=\"500\" height=\"500\" src=\"https:\/\/www.adeom.org.uy\/sitio\/wp-content\/uploads\/2025\/05\/Danielo-Mera.png\" alt=\"\" class=\"wp-image-11527\" srcset=\"http:\/\/www.adeom.org.uy\/sitio\/wp-content\/uploads\/2025\/05\/Danielo-Mera.png 500w, http:\/\/www.adeom.org.uy\/sitio\/wp-content\/uploads\/2025\/05\/Danielo-Mera-300x300.png 300w, http:\/\/www.adeom.org.uy\/sitio\/wp-content\/uploads\/2025\/05\/Danielo-Mera-150x150.png 150w\" sizes=\"(max-width: 500px) 100vw, 500px\" \/><\/a><figcaption class=\"wp-element-caption\">Danielo Mera<br>Secretar\u00eda de Finanzas<\/figcaption><\/figure>\n<\/div><\/div>\n<\/div>\n\n\n\n<div class=\"wp-block-columns is-layout-flex wp-container-core-columns-is-layout-28f84493 wp-block-columns-is-layout-flex\">\n<div class=\"wp-block-column is-layout-flow wp-block-column-is-layout-flow\"><div class=\"wp-block-image\">\n<figure class=\"aligncenter size-full\"><a href=\"http:\/\/www.adeom.org.uy\/sitio\/wp-content\/uploads\/2025\/08\/Nelson-Cossio.png\"><img loading=\"lazy\" decoding=\"async\" width=\"500\" height=\"500\" src=\"http:\/\/www.adeom.org.uy\/sitio\/wp-content\/uploads\/2025\/08\/Nelson-Cossio.png\" alt=\"\" class=\"wp-image-11806\" srcset=\"http:\/\/www.adeom.org.uy\/sitio\/wp-content\/uploads\/2025\/08\/Nelson-Cossio.png 500w, http:\/\/www.adeom.org.uy\/sitio\/wp-content\/uploads\/2025\/08\/Nelson-Cossio-300x300.png 300w, http:\/\/www.adeom.org.uy\/sitio\/wp-content\/uploads\/2025\/08\/Nelson-Cossio-150x150.png 150w\" sizes=\"(max-width: 500px) 100vw, 500px\" \/><\/a><figcaption class=\"wp-element-caption\">Nelson Cossio<br>Secretar\u00eda de Organizaci\u00f3n<\/figcaption><\/figure>\n<\/div><\/div>\n\n\n\n<div class=\"wp-block-column is-layout-flow wp-block-column-is-layout-flow\"><div class=\"wp-block-image\">\n<figure class=\"aligncenter size-full\"><a href=\"https:\/\/www.adeom.org.uy\/sitio\/wp-content\/uploads\/2025\/05\/Martin-Mangussi.png\"><img loading=\"lazy\" decoding=\"async\" width=\"559\" height=\"559\" src=\"https:\/\/www.adeom.org.uy\/sitio\/wp-content\/uploads\/2025\/05\/Martin-Mangussi.png\" alt=\"\" class=\"wp-image-11524\" srcset=\"http:\/\/www.adeom.org.uy\/sitio\/wp-content\/uploads\/2025\/05\/Martin-Mangussi.png 559w, http:\/\/www.adeom.org.uy\/sitio\/wp-content\/uploads\/2025\/05\/Martin-Mangussi-300x300.png 300w, http:\/\/www.adeom.org.uy\/sitio\/wp-content\/uploads\/2025\/05\/Martin-Mangussi-150x150.png 150w\" sizes=\"(max-width: 559px) 100vw, 559px\" \/><\/a><figcaption class=\"wp-element-caption\">Mart\u00edn Mangussi<br>Secretar\u00eda de Prensa<\/figcaption><\/figure>\n<\/div><\/div>\n\n\n\n<div class=\"wp-block-column is-layout-flow wp-block-column-is-layout-flow\"><div class=\"wp-block-image\">\n<figure class=\"aligncenter size-full\"><a href=\"https:\/\/www.adeom.org.uy\/sitio\/wp-content\/uploads\/2025\/08\/Guillermo-Bertrand.jpg\"><img loading=\"lazy\" decoding=\"async\" width=\"600\" height=\"600\" src=\"https:\/\/www.adeom.org.uy\/sitio\/wp-content\/uploads\/2025\/08\/Guillermo-Bertrand.jpg\" alt=\"\" class=\"wp-image-11808\" srcset=\"http:\/\/www.adeom.org.uy\/sitio\/wp-content\/uploads\/2025\/08\/Guillermo-Bertrand.jpg 600w, http:\/\/www.adeom.org.uy\/sitio\/wp-content\/uploads\/2025\/08\/Guillermo-Bertrand-300x300.jpg 300w, http:\/\/www.adeom.org.uy\/sitio\/wp-content\/uploads\/2025\/08\/Guillermo-Bertrand-150x150.jpg 150w\" sizes=\"(max-width: 600px) 100vw, 600px\" \/><\/a><figcaption class=\"wp-element-caption\">Guillermo Bertrand<br>Secretar\u00eda de Asuntos Sociales<br>Prosecretario<\/figcaption><\/figure>\n<\/div><\/div>\n<\/div>\n\n\n\n<div class=\"wp-block-columns is-layout-flex wp-container-core-columns-is-layout-28f84493 wp-block-columns-is-layout-flex\">\n<div class=\"wp-block-column is-layout-flow wp-block-column-is-layout-flow\"><div class=\"wp-block-image\">\n<figure class=\"aligncenter size-full\"><a href=\"https:\/\/www.adeom.org.uy\/sitio\/wp-content\/uploads\/2025\/05\/Veronica-Brum.png\"><img loading=\"lazy\" decoding=\"async\" width=\"462\" height=\"462\" src=\"https:\/\/www.adeom.org.uy\/sitio\/wp-content\/uploads\/2025\/05\/Veronica-Brum.png\" alt=\"\" class=\"wp-image-11533\" srcset=\"http:\/\/www.adeom.org.uy\/sitio\/wp-content\/uploads\/2025\/05\/Veronica-Brum.png 462w, http:\/\/www.adeom.org.uy\/sitio\/wp-content\/uploads\/2025\/05\/Veronica-Brum-300x300.png 300w, http:\/\/www.adeom.org.uy\/sitio\/wp-content\/uploads\/2025\/05\/Veronica-Brum-150x150.png 150w\" sizes=\"(max-width: 462px) 100vw, 462px\" \/><\/a><figcaption class=\"wp-element-caption\">Ver\u00f3nica Brum<br>Secretar\u00eda de Cultura<\/figcaption><\/figure>\n<\/div><\/div>\n\n\n\n<div class=\"wp-block-column is-layout-flow wp-block-column-is-layout-flow\"><div class=\"wp-block-image\">\n<figure class=\"aligncenter size-full\"><a href=\"https:\/\/www.adeom.org.uy\/sitio\/wp-content\/uploads\/2025\/05\/Alberto-Castineira.png\"><img loading=\"lazy\" decoding=\"async\" width=\"500\" height=\"500\" src=\"https:\/\/www.adeom.org.uy\/sitio\/wp-content\/uploads\/2025\/05\/Alberto-Castineira.png\" alt=\"\" class=\"wp-image-11531\" srcset=\"http:\/\/www.adeom.org.uy\/sitio\/wp-content\/uploads\/2025\/05\/Alberto-Castineira.png 500w, http:\/\/www.adeom.org.uy\/sitio\/wp-content\/uploads\/2025\/05\/Alberto-Castineira-300x300.png 300w, http:\/\/www.adeom.org.uy\/sitio\/wp-content\/uploads\/2025\/05\/Alberto-Castineira-150x150.png 150w\" sizes=\"(max-width: 500px) 100vw, 500px\" \/><\/a><figcaption class=\"wp-element-caption\">Alberto Casti\u00f1eira<br>Secretar\u00eda de Deportes<\/figcaption><\/figure>\n<\/div><\/div>\n\n\n\n<div class=\"wp-block-column is-layout-flow wp-block-column-is-layout-flow\"><div class=\"wp-block-image\">\n<figure class=\"aligncenter size-full\"><a href=\"http:\/\/www.adeom.org.uy\/sitio\/wp-content\/uploads\/2025\/06\/Silueta-Masculina.jpg\"><img loading=\"lazy\" decoding=\"async\" width=\"400\" height=\"400\" src=\"http:\/\/www.adeom.org.uy\/sitio\/wp-content\/uploads\/2025\/06\/Silueta-Masculina.jpg\" alt=\"\" class=\"wp-image-11650\" srcset=\"http:\/\/www.adeom.org.uy\/sitio\/wp-content\/uploads\/2025\/06\/Silueta-Masculina.jpg 400w, http:\/\/www.adeom.org.uy\/sitio\/wp-content\/uploads\/2025\/06\/Silueta-Masculina-300x300.jpg 300w, http:\/\/www.adeom.org.uy\/sitio\/wp-content\/uploads\/2025\/06\/Silueta-Masculina-150x150.jpg 150w\" sizes=\"(max-width: 400px) 100vw, 400px\" \/><\/a><figcaption class=\"wp-element-caption\">Camilo Clavijo<br>Secretar\u00eda de Actas<\/figcaption><\/figure>\n<\/div><\/div>\n<\/div>\n\n\n\n<div class=\"wp-block-columns is-layout-flex wp-container-core-columns-is-layout-28f84493 wp-block-columns-is-layout-flex\">\n<div class=\"wp-block-column is-layout-flow wp-block-column-is-layout-flow\"><div class=\"wp-block-image\">\n<figure class=\"aligncenter size-full is-resized\"><a href=\"http:\/\/www.adeom.org.uy\/sitio\/wp-content\/uploads\/2025\/08\/Alvaro-Soto.jpg\"><img loading=\"lazy\" decoding=\"async\" width=\"500\" height=\"500\" src=\"http:\/\/www.adeom.org.uy\/sitio\/wp-content\/uploads\/2025\/08\/Alvaro-Soto.jpg\" alt=\"\" class=\"wp-image-11821\" style=\"width:274px;height:auto\" srcset=\"http:\/\/www.adeom.org.uy\/sitio\/wp-content\/uploads\/2025\/08\/Alvaro-Soto.jpg 500w, http:\/\/www.adeom.org.uy\/sitio\/wp-content\/uploads\/2025\/08\/Alvaro-Soto-300x300.jpg 300w, http:\/\/www.adeom.org.uy\/sitio\/wp-content\/uploads\/2025\/08\/Alvaro-Soto-150x150.jpg 150w\" sizes=\"(max-width: 500px) 100vw, 500px\" \/><\/a><figcaption class=\"wp-element-caption\">\u00c1lvaro Soto<br>Secretar\u00eda de Asuntos Gremiales<\/figcaption><\/figure>\n<\/div><\/div>\n\n\n\n<div class=\"wp-block-column is-layout-flow wp-block-column-is-layout-flow\"><div class=\"wp-block-image\">\n<figure class=\"aligncenter size-full\"><a href=\"http:\/\/www.adeom.org.uy\/sitio\/wp-content\/uploads\/2022\/03\/Ana_Lemos.jpg\"><img loading=\"lazy\" decoding=\"async\" width=\"400\" height=\"400\" src=\"http:\/\/www.adeom.org.uy\/sitio\/wp-content\/uploads\/2022\/03\/Ana_Lemos.jpg\" alt=\"\" class=\"wp-image-8958\" srcset=\"http:\/\/www.adeom.org.uy\/sitio\/wp-content\/uploads\/2022\/03\/Ana_Lemos.jpg 400w, http:\/\/www.adeom.org.uy\/sitio\/wp-content\/uploads\/2022\/03\/Ana_Lemos-300x300.jpg 300w, http:\/\/www.adeom.org.uy\/sitio\/wp-content\/uploads\/2022\/03\/Ana_Lemos-150x150.jpg 150w\" sizes=\"(max-width: 400px) 100vw, 400px\" \/><\/a><figcaption class=\"wp-element-caption\">Lorena Salaberry<br>Secretar\u00eda de Local<\/figcaption><\/figure>\n<\/div><\/div>\n\n\n\n<div class=\"wp-block-column is-layout-flow wp-block-column-is-layout-flow\"><div class=\"wp-block-image\">\n<figure class=\"aligncenter size-full\"><a href=\"http:\/\/www.adeom.org.uy\/sitio\/wp-content\/uploads\/2025\/06\/Silueta-Masculina.jpg\"><img loading=\"lazy\" decoding=\"async\" width=\"400\" height=\"400\" src=\"http:\/\/www.adeom.org.uy\/sitio\/wp-content\/uploads\/2025\/06\/Silueta-Masculina.jpg\" alt=\"\" class=\"wp-image-11650\" srcset=\"http:\/\/www.adeom.org.uy\/sitio\/wp-content\/uploads\/2025\/06\/Silueta-Masculina.jpg 400w, http:\/\/www.adeom.org.uy\/sitio\/wp-content\/uploads\/2025\/06\/Silueta-Masculina-300x300.jpg 300w, http:\/\/www.adeom.org.uy\/sitio\/wp-content\/uploads\/2025\/06\/Silueta-Masculina-150x150.jpg 150w\" sizes=\"(max-width: 400px) 100vw, 400px\" \/><\/a><figcaption class=\"wp-element-caption\">Hern\u00e1n Callero<\/figcaption><\/figure>\n<\/div><\/div>\n<\/div>\n\n\n\n<div class=\"wp-block-columns is-layout-flex wp-container-core-columns-is-layout-28f84493 wp-block-columns-is-layout-flex\">\n<div class=\"wp-block-column is-layout-flow wp-block-column-is-layout-flow\"><div class=\"wp-block-image\">\n<figure class=\"aligncenter size-full is-resized\"><a href=\"https:\/\/www.adeom.org.uy\/sitio\/wp-content\/uploads\/2024\/02\/Martin-Barreto.jpg\"><img loading=\"lazy\" decoding=\"async\" width=\"400\" height=\"400\" src=\"https:\/\/www.adeom.org.uy\/sitio\/wp-content\/uploads\/2024\/02\/Martin-Barreto.jpg\" alt=\"\" class=\"wp-image-9897\" style=\"width:274px;height:auto\" srcset=\"http:\/\/www.adeom.org.uy\/sitio\/wp-content\/uploads\/2024\/02\/Martin-Barreto.jpg 400w, http:\/\/www.adeom.org.uy\/sitio\/wp-content\/uploads\/2024\/02\/Martin-Barreto-300x300.jpg 300w, http:\/\/www.adeom.org.uy\/sitio\/wp-content\/uploads\/2024\/02\/Martin-Barreto-150x150.jpg 150w\" sizes=\"(max-width: 400px) 100vw, 400px\" \/><\/a><figcaption class=\"wp-element-caption\">Mart\u00edn Barreto<br>Vicepresidente<\/figcaption><\/figure>\n<\/div><\/div>\n\n\n\n<div class=\"wp-block-column is-layout-flow wp-block-column-is-layout-flow\"><div class=\"wp-block-image\">\n<figure class=\"aligncenter size-full\"><a href=\"http:\/\/www.adeom.org.uy\/sitio\/wp-content\/uploads\/2025\/06\/Silueta-Femenina.jpg\"><img loading=\"lazy\" decoding=\"async\" width=\"400\" height=\"400\" src=\"http:\/\/www.adeom.org.uy\/sitio\/wp-content\/uploads\/2025\/06\/Silueta-Femenina.jpg\" alt=\"\" class=\"wp-image-11648\" srcset=\"http:\/\/www.adeom.org.uy\/sitio\/wp-content\/uploads\/2025\/06\/Silueta-Femenina.jpg 400w, http:\/\/www.adeom.org.uy\/sitio\/wp-content\/uploads\/2025\/06\/Silueta-Femenina-300x300.jpg 300w, http:\/\/www.adeom.org.uy\/sitio\/wp-content\/uploads\/2025\/06\/Silueta-Femenina-150x150.jpg 150w\" sizes=\"(max-width: 400px) 100vw, 400px\" \/><\/a><figcaption class=\"wp-element-caption\">Cecilia Valverde<\/figcaption><\/figure>\n<\/div><\/div>\n\n\n\n<div class=\"wp-block-column is-layout-flow wp-block-column-is-layout-flow\"><div class=\"wp-block-image\">\n<figure class=\"aligncenter size-full\"><a href=\"http:\/\/www.adeom.org.uy\/sitio\/wp-content\/uploads\/2025\/06\/Silueta-Masculina.jpg\"><img loading=\"lazy\" decoding=\"async\" width=\"400\" height=\"400\" src=\"http:\/\/www.adeom.org.uy\/sitio\/wp-content\/uploads\/2025\/06\/Silueta-Masculina.jpg\" alt=\"\" class=\"wp-image-11650\" srcset=\"http:\/\/www.adeom.org.uy\/sitio\/wp-content\/uploads\/2025\/06\/Silueta-Masculina.jpg 400w, http:\/\/www.adeom.org.uy\/sitio\/wp-content\/uploads\/2025\/06\/Silueta-Masculina-300x300.jpg 300w, http:\/\/www.adeom.org.uy\/sitio\/wp-content\/uploads\/2025\/06\/Silueta-Masculina-150x150.jpg 150w\" sizes=\"(max-width: 400px) 100vw, 400px\" \/><\/a><figcaption class=\"wp-element-caption\">Ner\u00fa Fern\u00e1ndez<\/figcaption><\/figure>\n<\/div><\/div>\n<\/div>\n\n\n\n<div class=\"wp-block-columns is-layout-flex wp-container-core-columns-is-layout-28f84493 wp-block-columns-is-layout-flex\">\n<div class=\"wp-block-column is-layout-flow wp-block-column-is-layout-flow\"><\/div>\n\n\n\n<div class=\"wp-block-column is-layout-flow wp-block-column-is-layout-flow\"><\/div>\n\n\n\n<div class=\"wp-block-column is-layout-flow wp-block-column-is-layout-flow\"><\/div>\n<\/div>\n\n\n\n<div class=\"wp-block-columns is-layout-flex wp-container-core-columns-is-layout-28f84493 wp-block-columns-is-layout-flex\">\n<div class=\"wp-block-column is-layout-flow wp-block-column-is-layout-flow\"><\/div>\n\n\n\n<div class=\"wp-block-column is-layout-flow wp-block-column-is-layout-flow\"><\/div>\n\n\n\n<div class=\"wp-block-column is-layout-flow wp-block-column-is-layout-flow\"><\/div>\n\n\n\n<div class=\"wp-block-column is-layout-flow wp-block-column-is-layout-flow\"><\/div>\n\n\n\n<div class=\"wp-block-column is-layout-flow wp-block-column-is-layout-flow\"><\/div>\n<\/div>\n","protected":false},"excerpt":{"rendered":"Silvia TejeraSecretaria General Julio CametoPresidente Danielo MeraSecretar\u00eda de Finanzas Nelson CossioSecretar\u00eda de Organizaci\u00f3n Mart\u00edn MangussiSecretar\u00eda de Prensa Guillermo BertrandSecretar\u00eda de Asuntos SocialesProsecretario Ver\u00f3nica BrumSecretar\u00eda de Cultura Alberto Casti\u00f1eiraSecretar\u00eda de Deportes Camilo ClavijoSecretar\u00eda de Actas \u00c1lvaro SotoSecretar\u00eda de Asuntos Gremiales Lorena SalaberrySecretar\u00eda de Local Hern\u00e1n Callero Mart\u00edn BarretoVicepresidente Cecilia Valverde Ner\u00fa [...]","protected":false},"author":1,"featured_media":0,"parent":0,"menu_order":0,"comment_status":"closed","ping_status":"closed","template":"","meta":{"_acf_changed":false,"_monsterinsights_skip_tracking":false,"_monsterinsights_sitenote_active":false,"_monsterinsights_sitenote_note":"","_monsterinsights_sitenote_category":0,"footnotes":""},"class_list":["post-8917","page","type-page","status-publish","hentry"],"acf":[],"_links":{"self":[{"href":"http:\/\/www.adeom.org.uy\/sitio\/wp-json\/wp\/v2\/pages\/8917","targetHints":{"allow":["GET"]}}],"collection":[{"href":"http:\/\/www.adeom.org.uy\/sitio\/wp-json\/wp\/v2\/pages"}],"about":[{"href":"http:\/\/www.adeom.org.uy\/sitio\/wp-json\/wp\/v2\/types\/page"}],"author":[{"embeddable":true,"href":"http:\/\/www.adeom.org.uy\/sitio\/wp-json\/wp\/v2\/users\/1"}],"replies":[{"embeddable":true,"href":"http:\/\/www.adeom.org.uy\/sitio\/wp-json\/wp\/v2\/comments?post=8917"}],"version-history":[{"count":51,"href":"http:\/\/www.adeom.org.uy\/sitio\/wp-json\/wp\/v2\/pages\/8917\/revisions"}],"predecessor-version":[{"id":12722,"href":"http:\/\/www.adeom.org.uy\/sitio\/wp-json\/wp\/v2\/pages\/8917\/revisions\/12722"}],"wp:attachment":[{"href":"http:\/\/www.adeom.org.uy\/sitio\/wp-json\/wp\/v2\/media?parent=8917"}],"curies":[{"name":"wp","href":"https:\/\/api.w.org\/{rel}","templated":true}]}}